{"id":21617,"date":"2016-03-15T09:53:09","date_gmt":"2016-03-15T09:53:09","guid":{"rendered":"http:\/\/stockholm11.select-themes.com\/?page_id=5"},"modified":"2020-10-29T15:40:43","modified_gmt":"2020-10-29T14:40:43","slug":"app-landing","status":"publish","type":"page","link":"https:\/\/bibliotekizakladowe.pl\/","title":{"rendered":"App Landing"},"content":{"rendered":"<p>[vc_row row_type=&#8221;row&#8221; use_row_as_full_screen_section=&#8221;no&#8221; type=&#8221;grid&#8221; anchor=&#8221;about&#8221; text_align=&#8221;left&#8221; padding_top=&#8221;10&#8243; padding_bottom=&#8221;76&#8243; css_animation=&#8221;&#8221;][vc_column css=&#8221;.vc_custom_1458119236971{margin-top: -10px !important;}&#8221;][qode_elements_holder number_of_columns=&#8221;two_columns&#8221;][qode_elements_holder_item item_padding_768_1024=&#8221;0 0 0 0&#8243; item_padding_600_768=&#8221;0% 0 0 0%&#8221; item_padding_480_600=&#8221;0 0 0 0&#8243; item_padding_480=&#8221;0 0 0 0&#8243;][vc_single_image image=&#8221;21822&#8243; img_size=&#8221;full&#8221; qode_css_animation=&#8221;&#8221; el_class=&#8221;visible-lg&#8221; css=&#8221;.vc_custom_1493126329611{margin-top: 100px !important;}&#8221;][vc_empty_space height=&#8221;0px&#8221;][\/qode_elements_holder_item][qode_elements_holder_item item_padding=&#8221;20% 0 0 0%&#8221; item_padding_768_1024=&#8221;17% 0 0 1%&#8221; item_padding_600_768=&#8221;3% 0 0 5% &#8221; item_padding_480_600=&#8221;0 0 0 1%&#8221; item_padding_480=&#8221;0 0 0 1%&#8221;][vc_empty_space height=&#8221;12px&#8221;][vc_column_text]<strong>O Maktabie<\/strong>[\/vc_column_text][vc_empty_space height=&#8221;31px&#8221;][vc_column_text]<\/p>\n<div dir=\"auto\">\n<div class=\"m_-5832892635221123943wpb_text_column m_-5832892635221123943wpb_content_element\">\n<div class=\"m_-5832892635221123943wpb_wrapper\">\n<div class=\"m_-5832892635221123943wpb_text_column m_-5832892635221123943wpb_content_element\">\n<div class=\"m_-5832892635221123943wpb_wrapper\">\n<div style=\"text-align: justify;\">\n<div>\n<div dir=\"auto\">\n<div class=\"m_-1616222729473772268wpb_text_column m_-1616222729473772268wpb_content_element\">\n<div class=\"m_-1616222729473772268wpb_wrapper\">\n<div>\n<div class=\"m_-1616222729473772268wpb_text_column m_-1616222729473772268wpb_content_element\">\n<div class=\"m_-1616222729473772268wpb_wrapper\">\n<div><strong>Maktaba<\/strong> w j\u0119zyku suahili oznacza bibliotek\u0119. Jest prost\u0105 aplikacj\u0105 pozwalaj\u0105c\u0105 na organizacj\u0119 bibliotek inicjowanych przez firmy na\u00a0potrzeby swoich wsp\u00f3\u0142pracownik\u00f3w. Jest rozwi\u0105zaniem dost\u0119pnym przez przegl\u0105dark\u0119 internetow\u0105 i na urz\u0105dzeniach mobilnych z\u00a0systemem iOS oraz w przysz\u0142o\u015bci z\u00a0systemem Android.<\/div>\n<\/div>\n<\/div>\n<\/div>\n<\/div>\n<\/div>\n<\/div>\n<\/div>\n<div>\n<div dir=\"auto\">\n<div class=\"m_-1616222729473772268wpb_text_column m_-1616222729473772268wpb_content_element\">\n<div class=\"m_-1616222729473772268wpb_wrapper\">\n<div>\n<div class=\"m_-1616222729473772268wpb_text_column m_-1616222729473772268wpb_content_element\">\n<div class=\"m_-1616222729473772268wpb_wrapper\">\n<div>Maktaba organizuje dzisiaj bibliotek\u0119 ksi\u0105\u017cek papierowych. \u015awiadomie wspieramy tradycyjny spos\u00f3b na kontakt ze s\u0142owem, chocia\u017c w przysz\u0142ym roku, je\u017celi projekt b\u0119dzie u\u017cyteczny, wprowadzimy do Maktaby e-booki.<\/div>\n<div>Maktaba jest dzisiaj aplikacj\u0105 bezp\u0142atn\u0105 i tak z pewno\u015bci\u0105 b\u0119dzie do\u00a0ko\u0144ca 2019 roku. W 2020 roku, je\u017celi nasza aplikacja b\u0119dzie po\u017cyteczna b\u0119dziemy chcieli zaprosi\u0107 Was do wspierania naszego projektu i akceptacj\u0119 niewielkiej odp\u0142atno\u015bci za u\u017cytkowanie.<\/div>\n<div>Zapraszamy do korzystania i budowania bibliotek zak\u0142adowych.<\/div>\n<div><\/div>\n<div><strong>Jak zacz\u0105\u0107?<\/strong><\/div>\n<div><\/div>\n<div>Przed zainicjonowaniem spo\u0142eczno\u015bci biblioteki firmowej w Maktabie niezb\u0119dne jest zaakceptowanie regulaminu aplikacji. Tutaj znajdziesz jego tre\u015b\u0107 <a href=\"http:\/\/maktaba.pl\/wp-content\/uploads\/2017\/04\/Regulamin.pdf\">(link)<\/a>.\u00a0Chc\u0105c korzysta\u0107 z Maktaby do\u00a0organizowania biblioteki zak\u0142adowej konieczne jest jej powo\u0142anie. Tutaj znajdziesz przyk\u0142adowy akt powo\u0142ania biblioteki <a href=\"http:\/\/maktaba.pl\/wp-content\/uploads\/2017\/07\/ANG-S-wz\u00f3r-uchwaly-o-powolaniu-biblioteki-27.04.2017-na-strone.pdf\">(link)<\/a>.<\/div>\n<\/div>\n<div><\/div>\n<\/div>\n<\/div>\n<\/div>\n<\/div>\n<\/div>\n<\/div>\n<\/div>\n<\/div>\n<\/div>\n<\/div>\n<\/div>\n<div style=\"text-align: justify;\"><\/div>\n<div style=\"text-align: justify;\"><\/div>\n<div style=\"text-align: justify;\"><\/div>\n<div style=\"text-align: justify;\">\n<div><\/div>\n<div><strong>Jak korzysta\u0107?<\/strong><\/div>\n<\/div>\n<div><\/div>\n<div style=\"text-align: justify;\">Korzystanie z Maktaby jest niezwykle proste. Ka\u017cdemu pracownikowi zostaje utworzone konto i ju\u017c mo\u017ce swobodnie korzysta\u0107 z Maktaby: wypo\u017cycza\u0107 ksi\u0105\u017cki, recenzowa\u0107, dodawa\u0107 opinie. Zadaniem bibliotekarza jest zarz\u0105dzanie ksi\u0119gozbiorem. To on przekazuje interesuj\u0105ce czytelnika ksi\u0105\u017cki.<\/div>\n<\/div>\n<p>[\/vc_column_text][vc_empty_space height=&#8221;0px&#8221;][vc_empty_space height=&#8221;40px&#8221;][\/qode_elements_holder_item][\/qode_elements_holder][\/vc_column][vc_column][\/vc_column][\/vc_row][vc_row row_type=&#8221;row&#8221; use_row_as_full_screen_section=&#8221;no&#8221; type=&#8221;grid&#8221; anchor=&#8221;features&#8221; text_align=&#8221;center&#8221; padding_bottom=&#8221;10&#8243; css_animation=&#8221;&#8221; css=&#8221;.vc_custom_1459502222380{padding-top: 8% !important;padding-bottom: 6.2% !important;background-color: #f7f7f7 !important;}&#8221;][vc_column offset=&#8221;vc_col-lg-3 vc_col-md-6&#8243;][vc_row_inner row_type=&#8221;row&#8221; type=&#8221;full_width&#8221; use_row_as_full_screen_section_slide=&#8221;no&#8221; text_align=&#8221;center&#8221; css_animation=&#8221;element_from_bottom&#8221; transition_delay=&#8221;0&#8243;][vc_column_inner][vc_single_image image=&#8221;21684&#8243; img_size=&#8221;full&#8221; alignment=&#8221;center&#8221; qode_css_animation=&#8221;&#8221;][vc_empty_space height=&#8221;41px&#8221;][vc_column_text]<\/p>\n<h3>Wyszukiwarka<\/h3>\n<p>[\/vc_column_text][vc_empty_space height=&#8221;28px&#8221;][vc_column_text]Dzi\u0119ki niej mo\u017cesz sprawdzi\u0107 czy ksi\u0105\u017cka, kt\u00f3r\u0105 potrzebujesz, jest w ksi\u0119gozbiorze.[\/vc_column_text][\/vc_column_inner][\/vc_row_inner][vc_empty_space height=&#8221;40px&#8221;][\/vc_column][vc_column offset=&#8221;vc_col-lg-3 vc_col-md-6&#8243;][vc_row_inner row_type=&#8221;row&#8221; type=&#8221;full_width&#8221; use_row_as_full_screen_section_slide=&#8221;no&#8221; text_align=&#8221;center&#8221; css_animation=&#8221;element_from_bottom&#8221; transition_delay=&#8221;150&#8243;][vc_column_inner][vc_single_image image=&#8221;21680&#8243; img_size=&#8221;full&#8221; alignment=&#8221;center&#8221; qode_css_animation=&#8221;&#8221;][vc_empty_space height=&#8221;41px&#8221;][vc_column_text]<\/p>\n<h3>Wypo\u017cyczanie<\/h3>\n<p>[\/vc_column_text][vc_empty_space height=&#8221;28px&#8221;][vc_column_text]<span style=\"font-weight: 400;\">U\u017cytkownicy maj\u0105 mo\u017cliwo\u015b\u0107 wypo\u017cyczania ksi\u0105\u017cek.<\/span>[\/vc_column_text][\/vc_column_inner][\/vc_row_inner][vc_empty_space height=&#8221;40px&#8221;][\/vc_column][vc_column offset=&#8221;vc_col-lg-3 vc_col-md-6&#8243;][vc_row_inner row_type=&#8221;row&#8221; type=&#8221;full_width&#8221; use_row_as_full_screen_section_slide=&#8221;no&#8221; text_align=&#8221;center&#8221; css_animation=&#8221;element_from_bottom&#8221; transition_delay=&#8221;300&#8243;][vc_column_inner][vc_single_image image=&#8221;21681&#8243; img_size=&#8221;full&#8221; alignment=&#8221;center&#8221; qode_css_animation=&#8221;&#8221;][vc_empty_space height=&#8221;41px&#8221;][vc_column_text]<\/p>\n<h3>Recenzje<\/h3>\n<p>[\/vc_column_text][vc_empty_space height=&#8221;28px&#8221;][vc_column_text]Ka\u017cdy u\u017cytkownik mo\u017ce wystawi\u0107 opini\u0119 i recenzj\u0119 przeczytanej ksi\u0105\u017cki.[\/vc_column_text][\/vc_column_inner][\/vc_row_inner][vc_empty_space height=&#8221;40px&#8221;][\/vc_column][vc_column offset=&#8221;vc_col-lg-3 vc_col-md-6&#8243;][vc_row_inner row_type=&#8221;row&#8221; type=&#8221;full_width&#8221; use_row_as_full_screen_section_slide=&#8221;no&#8221; text_align=&#8221;center&#8221; css_animation=&#8221;element_from_bottom&#8221; transition_delay=&#8221;450&#8243;][vc_column_inner][vc_single_image image=&#8221;21682&#8243; img_size=&#8221;full&#8221; alignment=&#8221;center&#8221; qode_css_animation=&#8221;&#8221;][vc_empty_space height=&#8221;41px&#8221;][vc_column_text]<\/p>\n<h3>Ranking u\u017cytkownik\u00f3w<\/h3>\n<p>[\/vc_column_text][vc_empty_space height=&#8221;28px&#8221;][vc_column_text]U\u017cytkownicy na podstawie zdobywanych punkt\u00f3w i poziom\u00f3w bior\u0105 udzia\u0142 w rankingu.[\/vc_column_text][\/vc_column_inner][vc_column_inner][\/vc_column_inner][\/vc_row_inner][vc_empty_space height=&#8221;40px&#8221;][\/vc_column][vc_column][\/vc_column][\/vc_row][vc_row row_type=&#8221;row&#8221; use_row_as_full_screen_section=&#8221;yes&#8221; type=&#8221;full_width&#8221; text_align=&#8221;center&#8221; background_image=&#8221;21829&#8243; css_animation=&#8221;&#8221;][vc_column width=&#8221;2\/3&#8243; css=&#8221;.vc_custom_1458039905728{margin-top: 30% !important;}&#8221; offset=&#8221;vc_col-sm-offset-2&#8243;][vc_empty_space height=&#8221;7px&#8221;]<div class=\"custom_font_holder\" style=\"font-family: Dosis; font-size: 82px; line-height: 109px; font-style: normal; font-weight: 400; color: #ffffff; text-decoration: none; letter-spacing: 0px; text-align: center;\"><span>Biblioteki zak\u0142adowe<\/span><\/div>[vc_empty_space height=&#8221;22px&#8221;]<div class=\"custom_font_holder\" style=\"font-family: Open Sans; font-size: 23px; line-height: 39px; font-style: normal; font-weight: 300; color: #ffffff; text-decoration: none; letter-spacing: 0px; text-align: center;\"><span><\/span><\/div>[vc_empty_space height=&#8221;49px&#8221;]<a href=\"http:\/\/www.bibliotekazakladowa.pl\" target=\"_self\" data-hover-background-color=#2c3e50 data-hover-border-color=#2c3e50 data-hover-color=#ffffff class=\"qbutton  large\" style=\"color: #ffffff; border-color: rgba(255,255,255,0.5); \">Dowiedz si\u0119 wi\u0119cej<\/a>[vc_empty_space height=&#8221;157px&#8221;][\/vc_column][\/vc_row][vc_row row_type=&#8221;row&#8221; use_row_as_full_screen_section=&#8221;no&#8221; type=&#8221;grid&#8221; text_align=&#8221;left&#8221; padding_top=&#8221;10&#8243; padding_bottom=&#8221;10&#8243; css_animation=&#8221;&#8221;][vc_column][qode_elements_holder number_of_columns=&#8221;two_columns&#8221;][qode_elements_holder_item item_padding=&#8221;8% 15% 0 0%&#8221; item_padding_768_1024=&#8221;21% 1% 0 0%&#8221; item_padding_600_768=&#8221;10% 0% 0 0%&#8221; item_padding_480_600=&#8221;15% 0% 0 1%&#8221; item_padding_480=&#8221;15% 0% 0 1%&#8221;][vc_column_text]<\/p>\n<h2>Biblioteki zak\u0142adowe<\/h2>\n<p>[\/vc_column_text][vc_empty_space height=&#8221;35px&#8221;][vc_column_text]<\/p>\n<div>\n<div dir=\"auto\">\n<div class=\"m_-5832892635221123943wpb_text_column m_-5832892635221123943wpb_content_element\">\n<div class=\"m_-5832892635221123943wpb_wrapper\">\n<div style=\"text-align: justify;\"><span style=\"font-size: 12pt;\"><span style=\"font-weight: 400;\">Grupa ANG<\/span>\u00a0jest pierwsz\u0105 firm\u0105, kt\u00f3ra korzysta z Maktaby. Posiadamy w niej ju\u017c <strong>750<\/strong> tytu\u0142\u00f3w. Chcemy mie\u0107 ponad <strong>1000<\/strong>. Opracowali\u015bmy niezb\u0119dny regulamin i stworzyli\u015bmy na\u00a0potrzeby biblioteki aplikacj\u0119 webow\u0105 i na iOS.<\/span><\/div>\n<\/div>\n<\/div>\n<\/div>\n<\/div>\n<div style=\"text-align: justify;\">\n<div dir=\"auto\">\n<div class=\"m_-5832892635221123943wpb_text_column m_-5832892635221123943wpb_content_element\">\n<div class=\"m_-5832892635221123943wpb_wrapper\">\n<div><span style=\"font-size: 12pt;\">W ramach inicjatywy Biblioteki Zak\u0142adowe b\u0119dziemy dzieli\u0107 si\u0119 z Wami naszymi pomys\u0142ami na wyb\u00f3r ksi\u0105\u017cek do biblioteki. Mo\u017cecie skorzysta\u0107 z naszych wzor\u00f3w regulacji \u00a0i do ko\u0144ca roku r\u00f3wnie\u017c nieodp\u0142atnie korzysta\u0107 z naszych aplikacji.<\/span><\/div>\n<\/div>\n<\/div>\n<\/div>\n<\/div>\n<div><span style=\"font-size: 12pt;\">\u00a0<\/span><\/div>\n<p>[\/vc_column_text][vc_empty_space height=&#8221;31px&#8221;]<a href=\"https:\/\/app.maktaba.pl\/#\/\" target=\"_self\" data-hover-background-color=#ffffff data-hover-border-color=#ffffff data-hover-color=#242424 class=\"qbutton  move_icon qbutton_with_icon\" style=\"color: #2c3e50; border-color: #ffffff; font-style: normal; font-weight: 600; margin: 0 0 0 -23px; background-color: #ffffff;\">Dowiedz si\u0119 wi\u0119cej...<span class=\"button_icon  custom_icon_size q_font_elegant_icon arrow_carrot-right_alt2\" aria-hidden=\"true\" style=\"font-size: 17px;\"><\/span><\/a>[vc_empty_space height=&#8221;40px&#8221;][\/qode_elements_holder_item][qode_elements_holder_item item_padding=&#8221;10% 0 0 4%&#8221; item_padding_600_768=&#8221;5% 0 0 12%&#8221; item_padding_480_600=&#8221;0 0 0 0 &#8221; item_padding_480=&#8221;0 0 0 0&#8243;][vc_empty_space height=&#8221;1px&#8221;][vc_gallery type=&#8221;flexslider_slide&#8221; interval=&#8221;3&#8243; images=&#8221;21864,21866,21867&#8243; img_size=&#8221;full&#8221; onclick=&#8221;&#8221; frame=&#8221;use_frame&#8221; choose_frame=&#8221;frame4&#8243;][vc_empty_space height=&#8221;40px&#8221;][\/qode_elements_holder_item][\/qode_elements_holder][\/vc_column][\/vc_row][vc_row row_type=&#8221;row&#8221; use_row_as_full_screen_section=&#8221;no&#8221; type=&#8221;grid&#8221; anchor=&#8221;clients&#8221; text_align=&#8221;center&#8221; padding_top=&#8221;10&#8243; padding_bottom=&#8221;79&#8243; css_animation=&#8221;&#8221; css=&#8221;.vc_custom_1459502677041{background-color: #f7f7f7 !important;}&#8221;][vc_column][vc_row_inner row_type=&#8221;row&#8221; type=&#8221;full_width&#8221; use_row_as_full_screen_section_slide=&#8221;no&#8221; text_align=&#8221;center&#8221; padding_top=&#8221;90&#8243; padding_bottom=&#8221;43&#8243; css_animation=&#8221;&#8221;][vc_column_inner width=&#8221;2\/3&#8243; offset=&#8221;vc_col-sm-offset-2&#8243;][vc_column_text]<\/p>\n<h1>Opinie u\u017cytkownik\u00f3w<\/h1>\n<p>[\/vc_column_text][vc_empty_space height=&#8221;31px&#8221;][vc_column_text][\/vc_column_text][vc_empty_space height=&#8221;40px&#8221;][\/vc_column_inner][\/vc_row_inner]<div class='testimonials_holder clearfix dark grouped'><div class=\"testimonials testimonials_carousel\" data-show-navigation=\"yes\" data-animation-type=\"slide\" data-animation-speed=\"\" data-auto-rotate-slides=\"0\"><ul class=\"slides\"><li id=\"testimonials202\" class=\"testimonial_content\"><div class=\"testimonial_content_grouped_item\"><div class=\"testimonial_content_inner\"><div class=\"testimonial_text_holder center_align\"><div class=\"testimonial_text_inner\"><div class=\"testimonial_image_holder\"><img width=\"118\" height=\"118\" src=\"https:\/\/bibliotekizakladowe.pl\/wp-content\/uploads\/2016\/04\/Arturo.png\" class=\"attachment-post-thumbnail size-post-thumbnail wp-post-image\" alt=\"\" loading=\"lazy\" \/><\/div><p>Maktaba ma to czego potrzebuj\u0119 - dost\u0119p do du\u017cego zbioru ksi\u0105\u017cek, mo\u017cliwo\u015b\u0107 ich wypo\u017cyczania i poczytania opinii o nich. Jest prosta i funkcjonalna. I najwa\u017cniejsze - wspiera ide\u0119, kt\u00f3r\u0105 bardzo lubi\u0119 - reaktywacj\u0119 bibliotek zak\u0142adowych czyli mo\u017cliwo\u015b\u0107 zaradzenia temu, \u017ce jako Polacy tak ma\u0142o czytamy ksi\u0105\u017cek. Ta inicjatywa nie do\u015b\u0107, \u017ce wielce po\u017cyteczna to jeszcze mo\u017ce by\u0107 fajnym sposobem na budowanie kultury organizacyjnej firm. Polecam.<\/p><p class=\"testimonial_author\" style=\"\">- Artur Nowak-Goc\u0142awski<\/p><\/div><\/div><\/div><\/div><div class=\"testimonial_content_grouped_item\"><div class=\"testimonial_content_inner\"><div class=\"testimonial_text_holder center_align\"><div class=\"testimonial_text_inner\"><div class=\"testimonial_image_holder\"><img width=\"118\" height=\"118\" src=\"https:\/\/bibliotekizakladowe.pl\/wp-content\/uploads\/2016\/04\/p.png\" class=\"attachment-post-thumbnail size-post-thumbnail wp-post-image\" alt=\"\" loading=\"lazy\" \/><\/div><p>Maktaba to dla mnie \u015bwietne rozwi\u0105zanie. Dzi\u0119ki niej mam pe\u0142ny dost\u0119p do ksi\u0119gozbioru firmy. W dowolnym momencie mog\u0119 przejrze\u0107 wszystkie ksi\u0105\u017cki i zdecydowa\u0107, czy kt\u00f3r\u0105\u015b z nich chc\u0119 wypo\u017cyczy\u0107. S\u0105 r\u00f3wnie\u017c opisy oraz opinie innych u\u017cytkownik\u00f3w, kt\u00f3rymi mog\u0119 si\u0119 kierowa\u0107, ale oczywi\u015bcie nie musz\u0119. Strona jest przejrzysta. Maktab\u0119 polecam ka\u017cdemu.&nbsp&nbsp&nbsp&nbsp&nbsp&nbsp&nbsp&nbsp&nbsp&nbsp&nbsp&nbsp&nbsp&nbsp&nbsp<\/p><p class=\"testimonial_author\" style=\"\">- Paulina Rutyna<\/p><\/div><\/div><\/div><\/div><div class=\"testimonial_content_grouped_item\"><div class=\"testimonial_content_inner\"><div class=\"testimonial_text_holder center_align\"><div class=\"testimonial_text_inner\"><div class=\"testimonial_image_holder\"><img width=\"118\" height=\"118\" src=\"https:\/\/bibliotekizakladowe.pl\/wp-content\/uploads\/2016\/04\/m.png\" class=\"attachment-post-thumbnail size-post-thumbnail wp-post-image\" alt=\"\" loading=\"lazy\" \/><\/div><p>Jestem bardzo usatysfakcjonowana z racji znalezienia w Maktabie bardzo ambitnej literatury zw\u0142aszcza z dziedziny psychologii, socjologii, filozofii \u017cycia czy opartej na faktach.\r\nW dobie e-book\u00f3w ksi\u0105\u017cka w tradycyjnym wydaniu jest dla mnie wci\u0105\u017c bardzo atrakcyjna i warto\u015bciowa. Z pewno\u015bci\u0105 o ile tylko b\u0119d\u0119 mia\u0142a mo\u017cliwo\u015b\u0107 korzysta\u0107 z drogocennych zasob\u00f3w Maktaby zamierzam to robi\u0107.<\/p><p class=\"testimonial_author\" style=\"\">- Marta Orszy\u0144ska-Kubel<\/p><\/div><\/div><\/div><\/div><\/li><\/ul><\/div><\/div>[\/vc_column][\/vc_row][vc_row row_type=&#8221;row&#8221; use_row_as_full_screen_section=&#8221;no&#8221; type=&#8221;full_width&#8221; text_align=&#8221;center&#8221; padding_top=&#8221;53&#8243; padding_bottom=&#8221;53&#8243; css_animation=&#8221;&#8221; css=&#8221;.vc_custom_1459515296622{background-color: #e7e6e6 !important;}&#8221;][vc_column][vc_single_image image=&#8221;21937&#8243; img_size=&#8221;full&#8221; alignment=&#8221;center&#8221; qode_css_animation=&#8221;&#8221;][\/vc_column][\/vc_row][vc_row row_type=&#8221;row&#8221; use_row_as_full_screen_section=&#8221;no&#8221; type=&#8221;grid&#8221; anchor=&#8221;app&#8221; text_align=&#8221;left&#8221; padding_top=&#8221;85&#8243; padding_bottom=&#8221;0&#8243; css_animation=&#8221;&#8221;][vc_column width=&#8221;5\/12&#8243;][vc_empty_space height=&#8221;100px&#8221;][vc_column_text]<\/p>\n<h2><span style=\"font-weight: 400;\">Maktaba jest r\u00f3wnie\u017c dost\u0119pna w\u00a0wersji mobilnej do pobrania w\u00a0sklepie App Store.\u00a0<\/span><\/h2>\n<p>[\/vc_column_text][vc_empty_space][vc_column_text]<\/p>\n<h2><span style=\"font-weight: 400;\">Wkr\u00f3tce b\u0119dzie r\u00f3wnie\u017c dost\u0119pna na Google Play.<\/span><\/h2>\n<p>[\/vc_column_text][vc_empty_space height=&#8221;44px&#8221;][vc_row_inner row_type=&#8221;row&#8221; type=&#8221;full_width&#8221; use_row_as_full_screen_section_slide=&#8221;no&#8221; text_align=&#8221;left&#8221; css_animation=&#8221;&#8221;][vc_column_inner width=&#8221;5\/12&#8243;]<div class='image_hover ' style='' data-transition-delay=''><div class='images_holder'><a href='https:\/\/itunes.apple.com\/us\/app\/maktaba\/id1219333859?mt=8' target='_blank'><img class='active_image ' src='https:\/\/bibliotekizakladowe.pl\/wp-content\/uploads\/2016\/03\/app-button-1.png' alt='a' style='' \/><img class='hover_image' src='https:\/\/bibliotekizakladowe.pl\/wp-content\/uploads\/2016\/03\/app-button-1-hover.png' alt='a' style='' \/><\/a><\/div><\/div>[\/vc_column_inner][vc_column_inner width=&#8221;1\/6&#8243;][\/vc_column_inner][\/vc_row_inner][vc_empty_space height=&#8221;50px&#8221;][\/vc_column][vc_column width=&#8221;7\/12&#8243;][vc_single_image image=&#8221;21810&#8243; img_size=&#8221;large&#8221; alignment=&#8221;center&#8221; qode_css_animation=&#8221;&#8221;][\/vc_column][\/vc_row][vc_row row_type=&#8221;row&#8221; use_row_as_full_screen_section=&#8221;no&#8221; type=&#8221;full_width&#8221; anchor=&#8221;subscribe&#8221; text_align=&#8221;center&#8221; background_image=&#8221;21830&#8243; css_animation=&#8221;&#8221;][vc_column width=&#8221;2\/3&#8243; offset=&#8221;vc_col-sm-offset-2&#8243;][vc_empty_space height=&#8221;143px&#8221;][vc_column_text]<img loading=\"lazy\" class=\"alignnone wp-image-21817\" src=\"http:\/\/maktaba.pl\/wp-content\/uploads\/2017\/04\/Group-2-copy.png\" alt=\"\" width=\"216\" height=\"36\" \/>[\/vc_column_text][vc_empty_space height=&#8221;26px&#8221;][vc_empty_space height=&#8221;26px&#8221;]<a href=\"http:\/\/app.maktaba.pl\" target=\"_self\" data-hover-background-color=#2c3e50 data-hover-border-color=#2c3e50 data-hover-color=#ffffff class=\"qbutton  move_icon qbutton_with_icon\" style=\"color: #ffffff; border-color: #2c3e50; font-style: normal; font-weight: 600; margin: 0 0 0 -23px; background-color: #2c3e50;\">WEJD\u0179<span class=\"button_icon  custom_icon_size q_font_elegant_icon arrow_carrot-right_alt2\" aria-hidden=\"true\" style=\"font-size: 17px;\"><\/span><\/a>[vc_column_text][\/vc_column_text][vc_empty_space height=&#8221;65px&#8221;][vc_empty_space height=&#8221;145px&#8221;][\/vc_column][\/vc_row]<\/p>\n","protected":false},"excerpt":{"rendered":"<p>[vc_row row_type=&#8221;row&#8221; use_row_as_full_screen_section=&#8221;no&#8221; type=&#8221;grid&#8221; anchor=&#8221;about&#8221; text_align=&#8221;left&#8221; padding_top=&#8221;10&#8243; padding_bottom=&#8221;76&#8243; css_animation=&#8221;&#8221;][vc_column css=&#8221;.vc_custom_1458119236971{margin-top: -10px !important;}&#8221;][qode_elements_holder number_of_columns=&#8221;two_columns&#8221;][qode_elements_holder_item item_padding_768_1024=&#8221;0 0 0 0&#8243; item_padding_600_768=&#8221;0% 0 0 0%&#8221; item_padding_480_600=&#8221;0 0 0 0&#8243; item_padding_480=&#8221;0 0 0 0&#8243;][vc_single_image image=&#8221;21822&#8243; img_size=&#8221;full&#8221; qode_css_animation=&#8221;&#8221; el_class=&#8221;visible-lg&#8221; css=&#8221;.vc_custom_1493126329611{margin-top: 100px !important;}&#8221;][vc_empty_space height=&#8221;0px&#8221;][\/qode_elements_holder_item][qode_elements_holder_item item_padding=&#8221;20% 0 0 0%&#8221; item_padding_768_1024=&#8221;17% 0 0 1%&#8221;&#8230;<\/p>\n","protected":false},"author":1,"featured_media":0,"parent":0,"menu_order":0,"comment_status":"closed","ping_status":"closed","template":"full_width.php","meta":[],"_links":{"self":[{"href":"https:\/\/bibliotekizakladowe.pl\/index.php\/wp-json\/wp\/v2\/pages\/21617"}],"collection":[{"href":"https:\/\/bibliotekizakladowe.pl\/index.php\/wp-json\/wp\/v2\/pages"}],"about":[{"href":"https:\/\/bibliotekizakladowe.pl\/index.php\/wp-json\/wp\/v2\/types\/page"}],"author":[{"embeddable":true,"href":"https:\/\/bibliotekizakladowe.pl\/index.php\/wp-json\/wp\/v2\/users\/1"}],"replies":[{"embeddable":true,"href":"https:\/\/bibliotekizakladowe.pl\/index.php\/wp-json\/wp\/v2\/comments?post=21617"}],"version-history":[{"count":111,"href":"https:\/\/bibliotekizakladowe.pl\/index.php\/wp-json\/wp\/v2\/pages\/21617\/revisions"}],"predecessor-version":[{"id":21945,"href":"https:\/\/bibliotekizakladowe.pl\/index.php\/wp-json\/wp\/v2\/pages\/21617\/revisions\/21945"}],"wp:attachment":[{"href":"https:\/\/bibliotekizakladowe.pl\/index.php\/wp-json\/wp\/v2\/media?parent=21617"}],"curies":[{"name":"wp","href":"https:\/\/api.w.org\/{rel}","templated":true}]}}